et r = -4 + 12. Calculate the greatest common divisor of r and v.
4
Suppose -16*k + 40 = -14*k. What is the greatest common divisor of 8 and k?
4
Let b(t) = 23*t + 1. Let s be b(2). Let m be s - 4*3/6. Let f(v) = v**2 + 2*v + 2. Let h be f(-3). Calculate the highest common factor of h and m.
5
Let g(f) = 51*f**3. Let s be g(1). Calculate the highest common factor of 17 and s.
17
Let q be 1*(-4)/10*-25. Suppose -i + q = 6. What is the highest common divisor of i and 16?
4
Let o(d) = -4 - d**3 + 7*d**2 + 5*d**2 - 3*d**2. Let h be o(6). What is the highest common divisor of 26 and h?
26
Let v be 4 - 2 - (-1 - 1). Let y be 418/6 - v/(-12). Calculate the greatest common divisor of y and 10.
10
Suppose 0 = v + 5, -4*i - v = -4*v - 51. Calculate the highest common divisor of i and 9.
9
Suppose 0*l = l - 3. Let h(r) = -r**3 + 3*r**2 - 3*r. Let n be h(l). Let a be (-7)/(n/8 + 1). Calculate the highest common factor of 8 and a.
8
Let s(g) be the third derivative of g**4/24 - 7*g**3/6 + 7*g**2. Let p be s(9). Calculate the highest common divisor of p and 2.
2
Let u(m) = 4*m - 29. Let q be u(8). What is the greatest common divisor of q and 27?
3
Let x = 134 + 42. Calculate the greatest common factor of 16 and x.
16
Suppose -3*k - 2*k = -935. Calculate the highest common factor of 17 and k.
17
Let u be (1*-1)/((-4)/28). Let g(r) = 3*r**2 - 3*r - 4. Let i be g(-4). Let q be (3/6)/1*i. Calculate the highest common divisor of q and u.
7
Let t be 63/3*(-4)/(-6). Let m = -10 + t. Let u = -97 - -141. Calculate the greatest common divisor of m and u.
4
Let z be 52/24 + (-2)/12 + 103. Calculate the greatest common factor of z and 21.
21
Suppose x + 0*x = -73. Let n be ((4 - 5) + 47/4)*-4. Let j = n - x. What is the highest common factor of 6 and j?
6
Suppose -139 = -2*a + 41. Let q be 2 - -4 - (-1 - -3). Suppose -q*k = -61 + 21. What is the highest common divisor of k and a?
10
Let c(t) = -4*t - 12. Let g be c(-9). Let j = g - 17. Calculate the greatest common divisor of j and 28.
7
Let g = -2 - -17. What is the highest common factor of 45 and g?
15
Let r be 36/14*56/6. What is the highest common factor of r and 3?
3
Let o(s) = s - 2. Let r be o(5). Suppose -r*b + 4 = b. Calculate the greatest common divisor of b and 9.
1
Suppose 0 = -4*i - 2*h + 8, -5*h - 2 + 8 = -4*i. Calculate the greatest common factor of i and 3.
1
Let c = 1 + 1. Suppose -a + 90 = c*a. Let g(b) = 5*b**2 - 2*b - 1. Let n be g(-1). Calculate the highest common divisor of n and a.
6
Suppose -4*l = 3*a - 8, -a + 3*l = 2*a + 27. Let k be (-2 - 2*3)*a. Calculate the greatest common factor of 80 and k.
16
Let y(m) = m**3 + 9*m**2 + 4*m + 3. Let s be y(-8). Suppose -3*b - 2 = -s. What is the greatest common divisor of b and 44?
11
Let v be (3/4)/(2/40). Let o be -1*1*(-4)/4. Suppose -59 = -l + o. What is the highest common divisor of v and l?
15
Let r be ((-39)/9)/(2/(-6)). Suppose 4*h = -0*x - 2*x + 18, -4*x = -5*h - 62. What is the highest common divisor of r and x?
13
Let m be (24/20)/((-2)/10). Let v(z) = -z - 2. Let q be v(m). Calculate the highest common factor of q and 16.
4
Suppose -w + 39 = 3*x - 0*w, 0 = -w + 3. Suppose 14 + 5 = d. Let k = 43 - d. Calculate the highest common factor of k and x.
12
Let z = 9 - 2. Let w(p) be the first derivative of p**3 - 2*p**2 - 7*p + 1. Let s be w(z). Calculate the highest common factor of s and 14.
14
Let m be 4903/(-3) + 4/(-6). Let g = 2673 + m. Let f be g/12 - 3/(-2). What is the highest common factor of f and 8?
8
Let x = 213 + -122. Calculate the highest common factor of x and 13.
13
Let y(z) = z**3 + z**2 + z. Let f be y(0). Suppose 2*s + 0*s - 56 = f. Let x be (s/(-12))/(1/(-18)). What is the greatest common factor of 14 and x?
14
Let a = 7 - -2. Let u be 182/a + 2/(-9). Suppose 2*o = 4*o - u. What is the highest common factor of 2 and o?
2
Let u be 1*2*-1 - -12. Let l be (17 + 4 + -2)*1. Let h = l - u. What is the greatest common factor of 45 and h?
9
Let b(v) = v + 2. Let u be b(-2). Suppose -2*l + r + 2*r + 4 = u, -2*l + 2*r = -8. Calculate the greatest common factor of 4 and l.
4
Suppose -496 + 56 = -4*n. What is the greatest common divisor of 10 and n?
10
Suppose 4*n + 150 = 9*n. Calculate the highest common divisor of 270 and n.
30
Let k(x) = x**2 + 5*x - 3. Let b be k(-6). Suppose -1 + 13 = b*n. Calculate the highest common factor of n and 16.
4
Let d = -1 + 4. Let a = 5 + -1. Suppose -v + a + d = 0. What is the greatest common divisor of v and 21?
7
Let u be 1*(-4)/(-8)*2. What is the greatest common divisor of u and 6?
1
Suppose -124 = -5*o - 9. Let d = o - 9. Let u = 32 - d. What is the greatest common factor of 27 and u?
9
Let a = 14 - 42. Let w be ((-18)/21)/(2/a). Suppose 0 = -2*k + 2*y + 198, -y = 4*k + y - 378. Calculate the greatest common divisor of w and k.
12
Let b = -2 + 2. Suppose b = -4*l - f + 117, 4*l + 0*f - 105 = -5*f. Let p = 10 + l. What is the greatest common divisor of p and 8?
8
Let v = 16 + 2. Let u(q) = q**2 - 5*q. Let m be u(7). Suppose -p + v = -m. What is the greatest common divisor of p and 4?
4
Suppose 10*p - 9*p - 7 = 0. Calculate the highest common factor of p and 49.
7
Let h be (-42)/(-1 + 3/9). Suppose -4*z = -3*d - 6 - 0, 2*z - d = 4. Suppose -5 = -z*g + 16. What is the greatest common factor of h and g?
7
Let y(r) = -3*r - 2*r + r + 3 + 2*r. Let c be y(-6). What is the highest common factor of c and 5?
5
Let v(n) = n**3 - 7*n**2 + 8*n - 3. Let m be v(6). Let y be (-3)/m - 30/(-9). Suppose 13 = y*o - 68. Calculate the greatest common divisor of o and 18.
9
Let i be (-1)/4 + (-165)/(-20). Let h be (-810)/(-25) - 2/5. Calculate the greatest common factor of i and h.
8
Suppose -3*j - 11 = -83. Let q(h) = -5*h - 37. Let c be q(-8). What is the highest common factor of j and c?
3
Let t(k) = k**3 - 20*k**2 - 20*k - 4. Let h be t(21). What is the greatest common factor of 68 and h?
17
Let m = 60 + -43. Suppose 1 = -5*a + 16. Suppose l + 2*l + 5*k = 484, -a*l = 3*k - 474. Calculate the greatest common factor of m and l.
17
Let o = 101 - 23. Suppose 32 = -b + 1. Let a = 44 + b. Calculate the greatest common factor of o and a.
13
Suppose 0*j + j = 1. Calculate the highest common divisor of 1 and j.
1
Let i(k) = -k**2 + 3*k + 3. Let l be i(3). Suppose -4*q + 1 = -l*q. Calculate the highest common factor of q and 11.
1
Suppose 7 = 2*n - 17. What is the highest common divisor of 8 and n?
4
Let j(m) = 221*m**2 + 1. Let z(h) = -2*h**3 + 1. Let r be z(1). Let s be j(r). Suppose -5*p + s = 62. What is the greatest common divisor of 48 and p?
16
Let a be 140/(4 - 0) - (-5 + 5). Calculate the greatest common factor of a and 14.
7
Let p(t) = t + 6. Let g be p(0). Let x be 13/3 - (-4)/g. Let u = x - 2. Calculate the highest common factor of u and 3.
3
Suppose 0 = -5*c - 5*f - 96 - 404, 0 = 4*c - 3*f + 421. Let j = 69 + c. Let l = j - -142. Calculate the greatest common factor of l and 12.
12
Suppose -7 = 4*g + 1, 2*d - 30 = 2*g. What is the greatest common divisor of 65 and d?
13
Let m be 66 + (-2 - -2)*1. Let q(v) = 3*v**2 + v. Let j be q(1). Suppose j*f - 20 = 4. Calculate the highest common factor of m and f.
6
Let f be (-1)/(1/(-49) + 0). Suppose 0 = -0*n - n + 7. Calculate the highest common divisor of n and f.
7
Suppose -4*r = -98 - 6. What is the highest common divisor of 78 and r?
26
Suppose -257 = -9*f - 131. Let j = 262 - 150. Calculate the highest common divisor of f and j.
14
Suppose y = -y. Suppose m - 3*m = y. Suppose m*z - 4 = z, 3*z + 201 = 3*h. What is the greatest common divisor of 21 and h?
21
Let d(b) = 127*b**2 + b. Let z be d(-1). Calculate the greatest common factor of z and 14.
14
Let h be (2/(-4))/((-1)/6). Suppose 0 = 5*k - h - 12. Suppose k*x + 350 = 5*i - x, 2*x + 274 = 4*i. Calculate the highest common factor of i and 11.
11
Let k(o) = -14*o + 8. Let u be k(-5). What is the greatest common factor of 26 and u?
26
Let c be (15/(-12))/((-4)/32). What is the highest common divisor of 50 and c?
10
Suppose 292 - 12 = 2*d. Let k(w) = -4*w + 4. Let n be k(-4). Calculate the highest common factor of d and n.
20
Suppose -3*i + 6 = -0*i. Suppose -i*s + 30 = -s. Suppose -2*j + 18 = y + 2*j, -2*j = -4*y + 18. What is the highest common factor of y and s?
6
Suppose -n - 203 = -2*x + 11, -x = n - 104. Let a